
-6
Let u = 360 - 490. Let m = u + 135. Let y(w) = w**2 - 6*w + 6. Let d(g) = g**2 - 6*g + 5. Let p(t) = -6*d(t) + 5*y(t). Calculate p(m).
5
Let v(k) = 9*k**2 + 163*k - 12. Let z be v(-18). Let p(r) = -r**3 - 28*r**2 + 62*r + 58. What is p(z)?
-2
Let m = 63 - 54. Suppose 0 = -4*w - 21 + m. Let l be (3 - 52/20)/(w/(-45)). Let d(g) = g**3 - 6*g**2 - 3*g + 5. What is d(l)?
-13
Let m(p) = 4*p**2 - 4*p**2 - 2*p**2 + 2*p - 3*p**2. Let a be (1 - 2) + -7*9/(-21). Suppose -10 = -a*c, -4*y + 4*c - 11 - 1 = 0. Determine m(y).
-16
Suppose 0 = -2*n - 5*d + 2179, 344 = 4*n + 3*d - 4007. Let j(h) = 0 - 1090*h + h**3 - 3 + n*h + h**2. Give j(-2).
-1
Suppose 2*a = 8, -5*j - 2*a + 7 = -4*a. Suppose 501*o - 504*o + 6 = 0. Let k(q) = -q - 4*q**o - 3 + j*q**2 + 0 + 4*q. Give k(5).
-13
Let j(f) = f - 10. Let p = -1007 - -713. Let r = 286 + p. What is j(r)?
-18
Let z(w) = -w**3 + 110*w**2 - 212*w - 450. Let f be z(108). Let j(t) = -t**3 - 19*t**2 - 23*t - 21. Determine j(f).
69
Let p be (20/(-35) - 219/21) + 4. Let t(x) = -x**3 - 4*x**2 + 26*x + 29. What is t(p)?
-6
Let j(r) = -2*r**3 - 24*r**2 + r - 37*r**2 + 33*r**2 + 32 - 30*r**2. Let s be j(-29). Let p(v) = 105*v + 0 - 208*v + 105*v - v**s + 5*v**2 + 6. Give p(6).
-18
Let z(i) = i**2 - 10*i**3 - 10*i**3 + 25*i**3 + 2*i - 6*i**3 - 8. What is z(0)?
-8
Let n be 564/20 - 1/5. Let u = -24 - -16. Let d be (-2)/u + 105/n. Let j(l) = -l**2 + 5*l + 1. Give j(d).
5
Let r(j) = -31*j**3 - 5*j + 309*j**2 - 312*j**2 + 7 + 32*j**3. Calculate r(4).
3
Let n(o) = o**3 + 3*o**2 - 4*o - 3. Let k(w) be the second derivative of -w**4/6 - 2*w**2 - 3*w. Let c be k(-2). Let h be (2 - (-40)/c)*3. Calculate n(h).
-3
Let a(y) = -47*y**3 - 53*y**2 - 92*y + 42. Let s(n) = 27*n**3 + 30*n**2 + 52*n - 24. Let z(m) = 9*a(m) + 16*s(m). Give z(1).
10
Let c(j) = -21*j - 10. Let u = -14480 - -14480. Calculate c(u).
-10
Suppose 170*i + 4 = 172*i. Let q(y) = 5*y - 9*y + 6*y. Determine q(i).
4
Let h(g) = -20 + 20 - g - 2*g**2. Suppose 0 = 5*s - 2*v + 3*v + 11, 0 = s - v - 5. Give h(s).
-1
Let v(h) = -27*h**2 + 6*h - 2*h - 3 + 28*h**2 - 2*h. Let m(j) = -j + 6. Let d be m(10). Let r be 6/24 + (-11)/d. What is v(r)?
12
Let z(b) = 6*b - 3. Let h be z(0). Let o(d) = -d**2. Let g(s) = -s**3 + 2*s**2 - 2*s + 1. Let y(c) = g(c) + 6*o(c). Determine y(h).
-2
Let d(w) be the second derivative of -7*w**3/6 + 7*w**2/2 + 149*w. Let t(g) = -40*g + 33 + 1 + 6*g. Let h(s) = -14*d(s) + 3*t(s). Determine h(-3).
16
Let h(o) = -o**3 + 7*o**2 - 10*o + 9. Let g be 7*(-9)/(4/4). Let i be (4/(-7))/(6/g). Give h(i).
-15
Suppose 48*r = 11 + 85. Let y(u) = -3 + u + 5 + r. Determine y(3).
7
Let m(z) = -6*z + 57 + 3*z + 6*z + 0*z - 30. Give m(14).
69
Let a(g) = -g + 6. Suppose r + 926 = -2*h, -5*h - 5*r = 675 + 1635. Let o = 475 + h. Determine a(o).
-5
Let s(k) = 6*k - 1. Let d(a) = 3*a - 72. Let f be d(0). Let b = -147 - -73. Let v = f - b. Calculate s(v).
11
Let w be (0 - -65)*(-17)/(-85). Let q = w + -9. Let d(l) = -4*l**2 - 1 + q*l + l**3 + 0 - 6*l**2 + 4*l**2. Calculate d(5).
-6
Let o(n) = 2*n + 3. Let t = -72 - -86. Let d(x) = -4 + t - 2*x + 5. Let h be d(9). Give o(h).
-3
Let a(n) be the third derivative of 11*n**4/6 + 5*n**3/2 + 88*n**2. Let h(d) = 21*d + 7. Let g(x) = 6*a(x) - 13*h(x). Calculate g(3).
-28
Let m(l) = 4*l + 12. Let u be (6/7)/((-174)/609) - (-22 - -1). Give m(u).
84
Let b(n) be the second derivative of -n**4/12 + 2*n**3 + 4*n**2 - 745*n. What is b(16)?
-56
Let m be (2 - 87/(-24)) + 3/8. Suppose 0 = m*y + 106 - 100. Let s(a) = -3*a. Determine s(y).
3
Let m(i) be the third derivative of -i**5/60 - 5*i**4/8 - 5*i**3/3 - 393*i**2 - i + 8. Determine m(-15).
-10
Let a(t) = -53*t**2 - 218*t - 7. Let m(r) = -375*r**2 - 1523*r - 50. Let p(v) = -15*a(v) + 2*m(v). What is p(-5)?
10
Let g(c) = -6*c**2 - 5*c - 6. Let w(z) = -5*z**2 - 5*z - 6. Let y(x) = 4*g(x) - 5*w(x). Let d = 7128 + -7132. Calculate y(d).
2
Let l(k) = -k**3 - 3*k**2 + 5*k - 2. Let z be 2/8 - (3 + 429/(-12)). Suppose 8*x - 1 = -z. Give l(x).
-6
Let b(q) be the third derivative of q**5/60 + 7*q**4/24 - 5*q**3/6 - 3*q**2. Let k = 451 + -747. Let g = k + 289. What is b(g)?
-5
Let m(u) be the first derivative of -3*u**3 + 3*u**2/2 + 161. Suppose 66*l - 93*l = -27. Determine m(l).
-6
Let s = 9 - 6. Let h = -4 - s. Let r(z) = -3*z**2 + 8. Let x(o) = -7*o**2 - 2*o + 16. Let g(v) = 9*r(v) - 4*x(v). Calculate g(h).
1
Let r(i) be the first derivative of -1/3*i**3 - 10*i - 38 - 5/2*i**2. Give r(-4).
-6
Let l(f) = 2*f**2 - 16. Suppose 5*h + 5*h + 2*h - 24 = 0. Calculate l(h).
-8
Let a(u) = -u**2 - 18. Let b be a(0). Let x be (b/(-7))/(-2 + 15/7). Let o = x - 22. Let h(r) = r**3 + 5*r**2 + 4*r + 2. Determine h(o).
2
Let d(j) be the second derivative of -5/2*j**2 + 1/12*j**4 - 1/2*j**3 + 0 + 73*j. What is d(4)?
-1
Let j(g) = g**3 + 12*g**2 - 4. Suppose -5*u + 627 = 2*t, 4*u = -4*t + 579 + 645. Let f = -313 + t. Calculate j(f).
-4
Let g be 1/7 + (-27)/(-7). Suppose -d - 2 = 0, 0 = -g*f + f - d + 7. Suppose -2*h = f - 9. Let k(s) = -s**3 + 3*s**2 - 2*s - 1. Determine k(h).
-7
Let n(b) = -b**3 - b**2. Let h(j) = 5*j**3 + 4*j**2 + 3*j - 3. Let q(u) = h(u) + 4*n(u). Calculate q(3).
33
Let t(x) be the second derivative of -1/3*x**3 + 5/2*x**2 + 1 - 73*x. Give t(9).
-13
Let k(m) be the second derivative of m**5/20 - m**4/3 + 2*m**2 - 6*m. Let q = -5 + 8. Suppose -o + i - q = -10, 0 = -4*o + i + 19. Determine k(o).
4
Let w = 34 + -33. Suppose -34*m + 35*m = w. Suppose -3*c + 3 = 0, 2*c = t - c + m. Let p(h) = -2*h**2 - h + 2. Calculate p(t).
-8
Let f(d) = d + 7. Let u be f(-6). Let q(h) = 0*h**3 + 2*h**3 + 2*h**2 + 36*h - 37*h. Let c be q(u). Let z(y) = y**3 - y**2 - 3*y + 2. What is z(c)?
11
Let o(r) = r + 1. Let u(n) = -6. Suppose 0 = 3*x - t - 3*t - 12, x = -3*t + 4. Let v be 56/(-21)*9/x. Let l(m) = v*o(m) - u(m). Give l(3).
-18
Let b be (102 - 92)*((2 - 2) + -1). Let o(i) = -i**2 - 10*i - 15. Give o(b).
-15
Let c(g) = -g**3 + 35. Let h = 468 - 471. Let o(x) = x**2 + 4*x + 3. Let n be o(h). Calculate c(n).
35
Suppose -10018*c + 68 = -10020*c - 5*w, w - 14 = -5*c. Let l(d) = -8*d + 1 + 2*d**2 + 5 - 1. Give l(c).
29
Let z(q) be the second derivative of -4*q**3/3 - 117*q**2/2 + 2*q - 2720. Determine z(-12).
-21
Let d(b) be the first derivative of -b**2/2 + 19*b + 203. What is d(-9)?
28
Let f(u) be the third derivative of -3*u**6/40 - u**5/60 - u**4/24 + u**3/6 + u**2. Suppose -81*y = 12210 - 12291. Determine f(y).
-10
Let r(g) = -2*g - 4. Suppose -38 = 2*h + 2*a + a, 0 = -5*h - 3*a - 77. Let x = 7 + h. Let p be (9/x)/((-5)/(-10)). What is r(p)?
2
Suppose -10*n + 132 - 32 = 0. Let f be (-6)/9*(-2 - 25/n). Let p(s) = 6*s. Let v(l) = -7*l. Let t(k) = -6*p(k) - 5*v(k). What is t(f)?
-3
Let p(x) = -2*x**3 + 12*x**2 - 64*x + 112. Let z be p(3). Let u(v) = 2*v**2 + 52*v - 6. Determine u(z).
-6
Let i(p) = 8*p + 4. Suppose -12 = 19*w + 26. Let q be w*(-4 + (6 - 0)). Calculate i(q).
-28
Let w(h) = h**3 - 3*h**2 + h + 7. Let b = -2107 - -2110. Calculate w(b).
10
Let d(p) be the first derivative of 0*p**2 + 50*p - 47*p - p**2 + 40. Let a be (-1)/((-6)/4 - -1). Calculate d(a).
-1
Let g(w) = w**3 + 7*w**2 + 4*w - 8. Suppose 5*b - 14 = -44. Let t be g(b). Let l(n) = 2*n - 5 + 0 - n. Give l(t).
-1
Let y(c) = -9*c**3 - c**2 + 1. Let v(i) = 7*i + 8. Let r(x) = -11*x - 12. Let b(l) = -5*r(l) - 8*v(l). Let d be b(-9). Suppose 16*a + d = 11*a. Give y(a).
9
Let y(d) = -11 - 1 - 11 + 21 - 6*d**2 + 51*d - 9. Give y(8).
13
Let m(u) be the third derivative of u**6/120 + u**5/5 + 3*u**4/4 - 29*u**3/6 + 89*u**2 + 10*u. Give m(-10).
-9
Let u(c) be the second derivative of 50*c + 0 + 4/3*c**3 + 1/12*c**4 - 11/2*c**2. What is u(-10)?
9
Let s(t) be the first derivative of -t**2/2 + 5*t - 2. Let w be 4 - -2 - (-6 - 7). Suppose -240 = -11*a - w*a. What is s(a)?
-3
Let v(j) be the second derivative of 1/6*j**4 + 0 + 1/2*j**2 + 38*j - 1/20*j**5 + 1/2*j**3. Calculate v(4).
-19
Let u = 3752 - 3753. Let z(p) = 5*p + 3. Calculate z(u).
-2
Let z(o) = -o + 1. Let j(w) = 3*w - 7. Let y(s) = -j(s) - 6*z(s). Let v = 638 + -524. Suppose 0 = v*u - 95*u + 19. Determine y(u).
-2
Let b(q) = 3070*q**2 + 6*q - 3069*q**2 - 18 + 24. Let g = -9 + 19. Suppose -3*n = 2 + g. What is b(n)?
-2
Let d(s) be the third derivative of -s**6/120 - s**5/10 + s**4/6 - s**3 - 1550*s**2. 